lculate the remainder when h is divided by 5.
0
Let w = -93 - -100. Suppose w*o - o = 114. Calculate the remainder when o is divided by 135/25 + (-4)/10.
4
Suppose u + 8 = -w - w, -5*w - 9 = -3*u. Let i be (13 + -9)/(-3 - u). Let c = i + 55. Calculate the remainder when c is divided by 18.
15
Calculate the remainder when 156 is divided by 5/(-3)*2*315/(-25).
30
Suppose 5*c + g + 2*g = 2157, -12 = -3*g. Calculate the remainder when c is divided by 54.
51
Let f(i) = -4*i**3 + 43*i**2 - i + 14. What is the remainder when f(10) is divided by 52?
44
Let p = -2 + 6. Suppose 4*j = -p*d + 4, d = -4*j + 4*d + 11. Let s = 1 + 6. What is the remainder when s is divided by j?
1
Suppose 23*r - 1044 = -170. What is the remainder when r is divided by 15?
8
Suppose 17*f = 52*f - 385. Calculate the remainder when (-1)/(-2) - 786/(-4) is divided by f.
10
Let a(u) = -u**3 - 5*u**2 + 5*u + 12. Suppose -3*i + g - 22 + 0 = 0, 0 = 2*i + 2*g + 4. What is the remainder when (-9 + 0)*(-23)/3 is divided by a(i)?
15
Suppose -5*l = -x - 17, 4*x + 3*l + 31 = 78. What is the remainder when 474 is divided by x?
2
Let i(z) = 128*z + 18. What is the remainder when i(4) is divided by 14?
12
Let w(f) = 2*f - 12. Suppose -3 = -4*b + 45. Let u(v) = -v**3 + 12*v**2 + 2*v - 10. Let o be u(b). Calculate the remainder when 79 is divided by w(o).
15
Let m = 23 - -106. What is the remainder when m is divided by 34 - (-1 + 6)/5?
30
Suppose 3*w + w - u = 212, -3*u = 0. Let p(o) = 3*o - 12. Suppose -30 = -5*q + 2*m - 3, -q - 5*m = -27. Calculate the remainder when w is divided by p(q).
8
Suppose 9*i - 1886 = -14*i. What is the remainder when i is divided by 14?
12
What is the remainder when (-2)/(-21) + 55883/861 is divided by 18?
11
Suppose -7*f + 6*f + 4 = 0. Suppose 3*d + 0*d + 5*o = 31, 0 = -5*d - 3*o + 25. Suppose f*b = d*b + 30. What is the remainder when b is divided by 9?
6
Suppose 2*i + 2*a - 48 = 0, 0 = -3*i + 5*a + 25 + 63. Let n be 2 + 0 - (0 + 16). What is the remainder when n*(70/4)/(-5) is divided by i?
23
Let b(d) = 27 + 0*d - 16 + d - 13 + 2*d**2. Let q(v) = v**2 - 2*v + 1. Let f be q(3). What is the remainder when b(f) is divided by 18?
16
Let p(g) = g**2 + 14*g + 18. Let m be p(-11). Suppose -7*f + 2*f = -2*t - 21, 5*f + t = 12. What is the remainder when 33 is divided by m + 16 + 2*f?
5
Let c = -32 + 37. Suppose 3*q - 32 = c*a - 353, -4*q = 4*a - 276. Calculate the remainder when a is divided by 14.
10
Let u be (5 - 0)*6/10. Let v(p) = 6 - 8*p**2 + 2 + p**u + 0*p**3 + p. Calculate the remainder when 29 is divided by v(8).
13
Calculate the remainder when -1*(-6 - 172/(-8))*-26 is divided by 15.
13
Let j(m) = -8*m + 2*m**3 - 3*m**3 + 13 + 2*m**3 - 8*m**2. Let u be j(9). Let h = u + -9. Calculate the remainder when 64 is divided by h.
12
Let n(z) = -3*z**2 + 35*z + 29. Calculate the remainder when 83 is divided by n(12).
15
Let s(n) = -n**3 + 4*n**2 + 8*n - 19. Calculate the remainder when 14 is divided by s(4).
1
Let b(r) = -r**3 + 13*r**2 + 30*r + 21. Let j be 2/(-6) - 21/(-9). Suppose -5*i = -j*i - 18. What is the remainder when b(15) is divided by i?
3
Let p be (-2 + 15/10)*-126. Let u = 104 - p. What is the remainder when u is divided by 21?
20
Suppose 16 = 4*v, 0 = 5*o + 2*v - 136 - 212. What is the remainder when o is divided by 27?
14
Suppose 0*b = b - 2. Calculate the remainder when b/(-6)*-1 + 5104/33 is divided by 39.
38
Suppose 3*w + 17 = 2*s + 8*w, s = -w + 7. Let c = 12 + 2. Let i = -11 + c. Calculate the remainder when s is divided by i.
0
Let k = -346 - -402. Calculate the remainder when k is divided by 4.
0
Let n = 320 + -269. Calculate the remainder when n is divided by 24.
3
Let h be ((-198)/88)/(2/8). What is the remainder when 28 is divided by 8/(-36) - 74/h?
4
Suppose 425 = 5*h + 2*a, 5*a + 307 = 4*h - 0*a. What is the remainder when 183 is divided by h?
17
Let d(m) = 2*m + 7. Let c be d(-5). Suppose -447 = -26*u + 463. What is the remainder when (-1)/(c/207*1) is divided by u?
34
Let l(a) = -a**3 - 14*a**2 - 14*a - 10. Let w be (-26)/(-4) + 1/2. Let k(q) = -q**3 + 8*q**2 - 4*q - 10. Calculate the remainder when k(w) is divided by l(-13).
2
Suppose 2*t = -t - g + 194, t + 3*g - 70 = 0. Suppose x - 4*i = -5*i + t, -i = -x + 74. Let r = 1860 + -1824. Calculate the remainder when x is divided by r.
33
Suppose 3*m + 1 - 4 = 0, 2*u - m = 23. Let k be 2/(-2 + 3) - -36. Let s = k + -5. What is the remainder when s is divided by u?
9
Let c be (-2)/(1*3/9). Let n = c + 7. What is the remainder when 2/(-6)*(10 - 16) is divided by n?
0
Suppose -4*x + 105 = 21. Let n be (-4)/(-14) + (-38)/(-14). Suppose -n*a + 158 = 5*j, a - 71 = 2*j - 0*j. What is the remainder when a is divided by x?
19
Suppose 2*t + 2*g = 42, 0 = 2*t + 4*g - 22 - 12. What is the remainder when 64 is divided by t?
14
Let x(f) = -81*f - 258. What is the remainder when x(-6) is divided by 10?
8
Let n = 231 - 196. Calculate the remainder when n is divided by 6.
5
What is the remainder when ((-16)/(-12))/(-2*1/(-192)) is divided by 22?
18
Let q = 42 + 3. Suppose q = -c + 140. Calculate the remainder when c is divided by 32.
31
Suppose 0 = -2*t - 78 + 114. Calculate the remainder when (-91)/(-3) + (-6)/(-9) is divided by t.
13
Let j(g) = g**3 + 7*g**2 + g + 1. Suppose -2*k - 3*t + 2 - 5 = 0, 4*k - 3*t + 33 = 0. Calculate the remainder when j(k) is divided by 11*5/(-10)*-2.
9
Suppose -4*g = -4*i - 396, -5*i - 136 + 449 = 3*g. Let d = 1284 + -1349. Let r = g + d. Calculate the remainder when r is divided by 19.
17
Suppose -54 = -3*t - 3*a, 3*t - a - 13 = 25. Let n = -10 + t. Suppose 0*u - u - 129 = -4*l, n*u + 36 = l. What is the remainder when l is divided by 11?
10
Suppose -2*v = -33 - 5. What is the remainder when 54 is divided by v?
16
Let j(v) = -v**3 + 18*v**2 + 53*v + 42. What is the remainder when j(20) is divided by 76?
74
Suppose -5*t = -3*l - 4676, -13*l + 16*l = 4*t - 3739. Calculate the remainder when t is divided by 20.
17
Suppose 29*p + 3 = 322. Suppose -a = 2*a + 4*s - 218, a = -5*s + 91. Suppose 3*w - 3*q - a = 0, -q - 4 = 3*q. Calculate the remainder when w is divided by p.
10
Let o = 264 - 192. What is the remainder when o is divided by 5?
2
Suppose -3*c - 847 = -5*s, 8*c = 2*s + 9*c - 330. What is the remainder when s is divided by 48?
23
Suppose 208*i - 1624 = 92*i. What is the remainder when 104/2 - (0 - -1) is divided by i?
9
Suppose 31 - 175 = -8*u. Suppose -26*n + u*n + 376 = 0. Calculate the remainder when n is divided by 17.
13
Let q(n) = -2*n**3 - 20*n**2 + 4*n + 21. Let f be q(-10). Let a(y) = -3*y - 47. Calculate the remainder when 25 is divided by a(f).
5
Suppose -4*w - 32 = -2*x, -2*x + 5*w + 25 = -6. Calculate the remainder when 356 is divided by x.
14
Suppose -5*c = 0, 0 = -x + 4*c - 3 - 3. Let l = 11 + x. Suppose 2*y = l*m - 123, -5*m - 4*y + 130 = y. What is the remainder when m is divided by 14?
11
Let s = -26 + 26. Suppose -126 = -3*u - s*u. Calculate the remainder when u is divided by 23.
19
Let z = -21 - -38. Suppose 0*t + z = -t. Let g = -10 - t. Calculate the remainder when 20 is divided by g.
6
Let v(s) = s**2 - 11*s + 19. Let w be v(10). Suppose -4*n = 5*q - 237, 0*n + w = 3*n. Calculate the remainder when q is divided by 10.
5
Let x(l) be the third derivative of -l**5/60 + 5*l**4/12 + 17*l**3/6 - 8*l**2. What is the remainder when x(11) is divided by 2?
0
Let x = -45 - -47. Suppose o = -y + 1, -y - 1 = 2*o - 7. Suppose 4*z = x*z + o*q + 49, -4*z - q + 43 = 0. Calculate the remainder when 35 is divided by z.
11
Suppose -3*v - 60 - 231 = -4*l, 4*l - 4*v = 288. Calculate the remainder when 145 is divided by l.
70
Let b(m) = -34*m - 3. Let k be b(8). Let i = -125 - k. Suppose 4*h = 5*l - i, -3*l + 23 = 3*h - 40. Calculate the remainder when l is divided by 9.
8
Let y = 18 + 7. Suppose 28 = -4*v - 3*h - 6, 5*v = 5*h - y. Let d = 12 + v. Calculate the remainder when 23 is divided by d.
3
Let x = -221 - -333. Let y = -55 + x. What is the remainder when y is divided by 29?
28
Let s(l) = -l**3 + 5*l**2 + 8*l - 8. Let t be s(6). Suppose -3*c - 9 = 5*x, 0 = t*x - 0*x + 12. Let y = -1 - -7. Calculate the remainder when y is divided by c.
0
Let h = -145 - -141. Let i(g) = 1 - 9*g + 6*g**2 + 3 - 2. What is the remainder when i(h) is divided by 34?
32
Let y = 124 - -